{"id":888,"date":"2019-11-03T12:07:04","date_gmt":"2019-11-03T11:07:04","guid":{"rendered":"https:\/\/www.justjolie.at\/?page_id=888"},"modified":"2022-07-13T20:28:17","modified_gmt":"2022-07-13T18:28:17","slug":"products","status":"publish","type":"page","link":"https:\/\/www.justjolie.at\/?page_id=888","title":{"rendered":"Products"},"content":{"rendered":"\t\t<div data-elementor-type=\"wp-page\" data-elementor-id=\"888\" class=\"elementor elementor-888\">\n\t\t\t\t\t\t<section class=\"elementor-section elementor-top-section elementor-element elementor-element-0074ee8 elementor-section-boxed elementor-section-height-default elementor-section-height-default\" data-id=\"0074ee8\" data-element_type=\"section\">\n\t\t\t\t\t\t<div class=\"elementor-container elementor-column-gap-default\">\n\t\t\t\t\t<div class=\"elementor-column elementor-col-100 elementor-top-column elementor-element elementor-element-2c6026c\" data-id=\"2c6026c\" data-element_type=\"column\">\n\t\t\t<div class=\"elementor-widget-wrap elementor-element-populated\">\n\t\t\t\t\t\t<div class=\"elementor-element elementor-element-4cf89a4 elementor-widget elementor-widget-text-editor\" data-id=\"4cf89a4\" data-element_type=\"widget\" data-widget_type=\"text-editor.default\">\n\t\t\t\t<div class=\"elementor-widget-container\">\n\t\t\t\t\t\t\t<p style=\"text-align: center;\">Aus ethischen Gr\u00fcnden versuche ich, so gut es geht, auf die Produktherkunft und Vorgeschichte zu achten.<br \/>Dabei gilt f\u00fcr mich ein st\u00e4ndiges Streben, ohne Tierversuche und mit haupts\u00e4chlicher Verwendung nat\u00fcrlicher Substanzen zu arbeiten!<\/p><p style=\"text-align: center;\">Alle Produkte, die ich verwende, k\u00f6nnen bei mir bestellt und erworben werden.<br \/>F\u00fcr jeden Alterstyp und jedes Anliegen \u2013 auf jeden individuell abgestimmt.<\/p><p>\u00a0<\/p><p style=\"text-align: center;\">Ich berate Sie gerne!<\/p><p>\u00a0<\/p>\t\t\t\t\t\t<\/div>\n\t\t\t\t<\/div>\n\t\t\t\t\t<\/div>\n\t\t<\/div>\n\t\t\t\t\t<\/div>\n\t\t<\/section>\n\t\t\t\t<section class=\"elementor-section elementor-top-section elementor-element elementor-element-78104cd elementor-section-boxed elementor-section-height-default elementor-section-height-default\" data-id=\"78104cd\" data-element_type=\"section\">\n\t\t\t\t\t\t<div class=\"elementor-container elementor-column-gap-default\">\n\t\t\t\t\t<div class=\"elementor-column elementor-col-100 elementor-top-column elementor-element elementor-element-1b1ce9f\" data-id=\"1b1ce9f\" data-element_type=\"column\">\n\t\t\t<div class=\"elementor-widget-wrap elementor-element-populated\">\n\t\t\t\t\t\t<section class=\"elementor-section elementor-inner-section elementor-element elementor-element-937245b elementor-section-boxed elementor-section-height-default elementor-section-height-default\" data-id=\"937245b\" data-element_type=\"section\">\n\t\t\t\t\t\t<div class=\"elementor-container elementor-column-gap-default\">\n\t\t\t\t\t<div class=\"elementor-column elementor-col-50 elementor-inner-column elementor-element elementor-element-64c0c23\" data-id=\"64c0c23\" data-element_type=\"column\">\n\t\t\t<div class=\"elementor-widget-wrap elementor-element-populated\">\n\t\t\t\t\t\t<div class=\"elementor-element elementor-element-91bf773 elementor-widget elementor-widget-text-editor\" data-id=\"91bf773\" data-element_type=\"widget\" data-widget_type=\"text-editor.default\">\n\t\t\t\t<div class=\"elementor-widget-container\">\n\t\t\t\t\t\t\t<h3>Haare<\/h3><p>Reinigung<br \/>Pflege<br \/>Maske<br \/>Farbauffrischungen<br \/>Stylingprodukte \u2013 \u00d6l, Wachs, Spray, Gel etc.<\/p>\t\t\t\t\t\t<\/div>\n\t\t\t\t<\/div>\n\t\t\t\t\t<\/div>\n\t\t<\/div>\n\t\t\t\t<div class=\"elementor-column elementor-col-50 elementor-inner-column elementor-element elementor-element-f9c6e7e\" data-id=\"f9c6e7e\" data-element_type=\"column\">\n\t\t\t<div class=\"elementor-widget-wrap elementor-element-populated\">\n\t\t\t\t\t\t<div class=\"elementor-element elementor-element-8f75672 elementor-widget elementor-widget-text-editor\" data-id=\"8f75672\" data-element_type=\"widget\" data-widget_type=\"text-editor.default\">\n\t\t\t\t<div class=\"elementor-widget-container\">\n\t\t\t\t\t\t\t<h3>Haut<\/h3><p>Reinigung<br \/>Pflege &amp; Maske<br \/>Tonic<br \/>Peeling <br \/>Make-up und Zubeh\u00f6r<\/p>\t\t\t\t\t\t<\/div>\n\t\t\t\t<\/div>\n\t\t\t\t\t<\/div>\n\t\t<\/div>\n\t\t\t\t\t<\/div>\n\t\t<\/section>\n\t\t\t\t\t<\/div>\n\t\t<\/div>\n\t\t\t\t\t<\/div>\n\t\t<\/section>\n\t\t\t\t<section class=\"elementor-section elementor-top-section elementor-element elementor-element-8f34483 elementor-section-boxed elementor-section-height-default elementor-section-height-default\" data-id=\"8f34483\" data-element_type=\"section\">\n\t\t\t\t\t\t<div class=\"elementor-container elementor-column-gap-default\">\n\t\t\t\t\t<div class=\"elementor-column elementor-col-100 elementor-top-column elementor-element elementor-element-9c2c1cd\" data-id=\"9c2c1cd\" data-element_type=\"column\">\n\t\t\t<div class=\"elementor-widget-wrap elementor-element-populated\">\n\t\t\t\t\t\t<div class=\"elementor-element elementor-element-16d9a18 elementor-widget elementor-widget-spacer\" data-id=\"16d9a18\" data-element_type=\"widget\" data-widget_type=\"spacer.default\">\n\t\t\t\t<div class=\"elementor-widget-container\">\n\t\t\t\t\t<div class=\"elementor-spacer\">\n\t\t\t<div class=\"elementor-spacer-inner\"><\/div>\n\t\t<\/div>\n\t\t\t\t<\/div>\n\t\t\t\t<\/div>\n\t\t\t\t\t<\/div>\n\t\t<\/div>\n\t\t\t\t\t<\/div>\n\t\t<\/section>\n\t\t\t\t<section class=\"elementor-section elementor-top-section elementor-element elementor-element-7a5350f elementor-section-boxed elementor-section-height-default elementor-section-height-default\" data-id=\"7a5350f\" data-element_type=\"section\">\n\t\t\t\t\t\t<div class=\"elementor-container elementor-column-gap-default\">\n\t\t\t\t\t<div class=\"elementor-column elementor-col-100 elementor-top-column elementor-element elementor-element-93369bb\" data-id=\"93369bb\" data-element_type=\"column\">\n\t\t\t<div class=\"elementor-widget-wrap elementor-element-populated\">\n\t\t\t\t\t\t<div class=\"elementor-element elementor-element-cf5d559 elementor-widget-divider--view-line elementor-widget elementor-widget-divider\" data-id=\"cf5d559\" data-element_type=\"widget\" data-widget_type=\"divider.default\">\n\t\t\t\t<div class=\"elementor-widget-container\">\n\t\t\t\t\t<div class=\"elementor-divider\">\n\t\t\t<span class=\"elementor-divider-separator\">\n\t\t\t\t\t\t<\/span>\n\t\t<\/div>\n\t\t\t\t<\/div>\n\t\t\t\t<\/div>\n\t\t\t\t<div class=\"elementor-element elementor-element-cfc4c2a elementor-widget elementor-widget-spacer\" data-id=\"cfc4c2a\" data-element_type=\"widget\" data-widget_type=\"spacer.default\">\n\t\t\t\t<div class=\"elementor-widget-container\">\n\t\t\t\t\t<div class=\"elementor-spacer\">\n\t\t\t<div class=\"elementor-spacer-inner\"><\/div>\n\t\t<\/div>\n\t\t\t\t<\/div>\n\t\t\t\t<\/div>\n\t\t\t\t\t<\/div>\n\t\t<\/div>\n\t\t\t\t\t<\/div>\n\t\t<\/section>\n\t\t\t\t<section class=\"elementor-section elementor-top-section elementor-element elementor-element-86b5662 elementor-section-boxed elementor-section-height-default elementor-section-height-default\" data-id=\"86b5662\" data-element_type=\"section\">\n\t\t\t\t\t\t<div class=\"elementor-container elementor-column-gap-default\">\n\t\t\t\t\t<div class=\"elementor-column elementor-col-100 elementor-top-column elementor-element elementor-element-f70d4a7\" data-id=\"f70d4a7\" data-element_type=\"column\">\n\t\t\t<div class=\"elementor-widget-wrap elementor-element-populated\">\n\t\t\t\t\t\t<div class=\"elementor-element elementor-element-75e629e elementor-widget elementor-widget-text-editor\" data-id=\"75e629e\" data-element_type=\"widget\" data-widget_type=\"text-editor.default\">\n\t\t\t\t<div class=\"elementor-widget-container\">\n\t\t\t\t\t\t\t<p>Bei Pflege und Reinigung verwende ich Produkte der Marke ALCINA.<br \/>Diese versuchen weitestgehend Regionalit\u00e4t und Vielf\u00e4ltigkeit zu vereinen.<br \/>Die Produkte werden von Dermatologen, f\u00fcr ausgew\u00e4hlte Salons und Apotheken, hergestellt und durchlaufen daher intensivere Testphasen.<\/p><p>Daf\u00fcr steht ALCINA:<\/p><p>Frei von Tierversuchen<br \/>H\u00f6here Vertr\u00e4glichkeit<br \/>Verzicht auf Werbung, um Preise f\u00fcr Endkunden zu stabilisieren<br \/>Abschaffung unn\u00f6tiger Verpackungsmaterialien<\/p>\t\t\t\t\t\t<\/div>\n\t\t\t\t<\/div>\n\t\t\t\t\t<\/div>\n\t\t<\/div>\n\t\t\t\t\t<\/div>\n\t\t<\/section>\n\t\t\t\t<section class=\"elementor-section elementor-top-section elementor-element elementor-element-90e7f21 elementor-section-boxed elementor-section-height-default elementor-section-height-default\" data-id=\"90e7f21\" data-element_type=\"section\">\n\t\t\t\t\t\t<div class=\"elementor-container elementor-column-gap-default\">\n\t\t\t\t\t<div class=\"elementor-column elementor-col-100 elementor-top-column elementor-element elementor-element-c9547b4\" data-id=\"c9547b4\" data-element_type=\"column\">\n\t\t\t<div class=\"elementor-widget-wrap elementor-element-populated\">\n\t\t\t\t\t\t<div class=\"elementor-element elementor-element-424878a elementor-widget-divider--view-line elementor-widget elementor-widget-divider\" data-id=\"424878a\" data-element_type=\"widget\" data-widget_type=\"divider.default\">\n\t\t\t\t<div class=\"elementor-widget-container\">\n\t\t\t\t\t<div class=\"elementor-divider\">\n\t\t\t<span class=\"elementor-divider-separator\">\n\t\t\t\t\t\t<\/span>\n\t\t<\/div>\n\t\t\t\t<\/div>\n\t\t\t\t<\/div>\n\t\t\t\t\t<\/div>\n\t\t<\/div>\n\t\t\t\t\t<\/div>\n\t\t<\/section>\n\t\t\t\t<section class=\"elementor-section elementor-top-section elementor-element elementor-element-41005e4 elementor-section-boxed elementor-section-height-default elementor-section-height-default\" data-id=\"41005e4\" data-element_type=\"section\">\n\t\t\t\t\t\t<div class=\"elementor-container elementor-column-gap-default\">\n\t\t\t\t\t<div class=\"elementor-column elementor-col-100 elementor-top-column elementor-element elementor-element-3d7bd43\" data-id=\"3d7bd43\" data-element_type=\"column\">\n\t\t\t<div class=\"elementor-widget-wrap elementor-element-populated\">\n\t\t\t\t\t\t<div class=\"elementor-element elementor-element-265b5db elementor-widget elementor-widget-text-editor\" data-id=\"265b5db\" data-element_type=\"widget\" data-widget_type=\"text-editor.default\">\n\t\t\t\t<div class=\"elementor-widget-container\">\n\t\t\t\t\t\t\t<p>Bei Chemischen Vorg\u00e4ngen und Eingriffen vertraue ich auf SCHWARZKOPF.<br \/>Durch diese Marke kann ich ein verl\u00e4ssliches und genaues Ergebnis erzielen und somit dem Kunden garantieren.<br \/>Haltbarkeit und ein weitl\u00e4ufiges Farbspektrum \u00fcberzeugen mich hierbei stets.<\/p>\t\t\t\t\t\t<\/div>\n\t\t\t\t<\/div>\n\t\t\t\t\t<\/div>\n\t\t<\/div>\n\t\t\t\t\t<\/div>\n\t\t<\/section>\n\t\t\t\t<section class=\"elementor-section elementor-top-section elementor-element elementor-element-59c5f0b elementor-section-boxed elementor-section-height-default elementor-section-height-default\" data-id=\"59c5f0b\" data-element_type=\"section\">\n\t\t\t\t\t\t<div class=\"elementor-container elementor-column-gap-default\">\n\t\t\t\t\t<div class=\"elementor-column elementor-col-100 elementor-top-column elementor-element elementor-element-ac4c98b\" data-id=\"ac4c98b\" data-element_type=\"column\">\n\t\t\t<div class=\"elementor-widget-wrap elementor-element-populated\">\n\t\t\t\t\t\t<div class=\"elementor-element elementor-element-cab5475 elementor-widget-divider--view-line elementor-widget elementor-widget-divider\" data-id=\"cab5475\" data-element_type=\"widget\" data-widget_type=\"divider.default\">\n\t\t\t\t<div class=\"elementor-widget-container\">\n\t\t\t\t\t<div class=\"elementor-divider\">\n\t\t\t<span class=\"elementor-divider-separator\">\n\t\t\t\t\t\t<\/span>\n\t\t<\/div>\n\t\t\t\t<\/div>\n\t\t\t\t<\/div>\n\t\t\t\t\t<\/div>\n\t\t<\/div>\n\t\t\t\t\t<\/div>\n\t\t<\/section>\n\t\t\t\t<section class=\"elementor-section elementor-top-section elementor-element elementor-element-77b9ccf elementor-section-boxed elementor-section-height-default elementor-section-height-default\" data-id=\"77b9ccf\" data-element_type=\"section\">\n\t\t\t\t\t\t<div class=\"elementor-container elementor-column-gap-default\">\n\t\t\t\t\t<div class=\"elementor-column elementor-col-100 elementor-top-column elementor-element elementor-element-7d3e33d\" data-id=\"7d3e33d\" data-element_type=\"column\">\n\t\t\t<div class=\"elementor-widget-wrap elementor-element-populated\">\n\t\t\t\t\t\t<div class=\"elementor-element elementor-element-7e3af1b elementor-widget elementor-widget-text-editor\" data-id=\"7e3af1b\" data-element_type=\"widget\" data-widget_type=\"text-editor.default\">\n\t\t\t\t<div class=\"elementor-widget-container\">\n\t\t\t\t\t\t\t<p>F\u00fcr das Make-up verwende ich haupts\u00e4chlich die Produkte von MAC Cosmetics und TEMPTU.<br \/>Beide Marken haben einen \u00e4u\u00dferst hohen Tragekomfort und Hautvertr\u00e4glichkeit.<br \/>Airbrush Foundations von TEMPTU sind au\u00dferdem wasserfest und bilden ein ebenm\u00e4\u00dfigeres Hautbild.<br \/>Die von mir verwendeten Foundations von MAC Cosmetics sind auf Wasser-Basis und ziehen somit in die Haut ein um einen noch nat\u00fcrlicheren Look zu erhalten.<\/p>\t\t\t\t\t\t<\/div>\n\t\t\t\t<\/div>\n\t\t\t\t\t<\/div>\n\t\t<\/div>\n\t\t\t\t\t<\/div>\n\t\t<\/section>\n\t\t\t\t<\/div>\n\t\t","protected":false},"excerpt":{"rendered":"<p>Aus ethischen Gr\u00fcnden versuche ich, so gut es geht, auf die Produktherkunft und Vorgeschichte zu achten.Dabei gilt f\u00fcr mich ein st\u00e4ndiges Streben, ohne Tierversuche und mit haupts\u00e4chlicher Verwendung nat\u00fcrlicher Substanzen zu arbeiten! Alle Produkte, die ich verwende, k\u00f6nnen bei mir bestellt und erworben werden.F\u00fcr jeden Alterstyp und jedes Anliegen \u2013 auf jeden individuell abgestimmt. \u00a0&hellip; <br \/> <a class=\"read-more\" href=\"https:\/\/www.justjolie.at\/?page_id=888\">Weiterlesen<\/a><\/p>\n","protected":false},"author":1,"featured_media":0,"parent":0,"menu_order":0,"comment_status":"closed","ping_status":"closed","template":"","meta":{"inline_featured_image":false,"footnotes":""},"class_list":["post-888","page","type-page","status-publish","hentry"],"_links":{"self":[{"href":"https:\/\/www.justjolie.at\/index.php?rest_route=\/wp\/v2\/pages\/888"}],"collection":[{"href":"https:\/\/www.justjolie.at\/index.php?rest_route=\/wp\/v2\/pages"}],"about":[{"href":"https:\/\/www.justjolie.at\/index.php?rest_route=\/wp\/v2\/types\/page"}],"author":[{"embeddable":true,"href":"https:\/\/www.justjolie.at\/index.php?rest_route=\/wp\/v2\/users\/1"}],"replies":[{"embeddable":true,"href":"https:\/\/www.justjolie.at\/index.php?rest_route=%2Fwp%2Fv2%2Fcomments&post=888"}],"version-history":[{"count":39,"href":"https:\/\/www.justjolie.at\/index.php?rest_route=\/wp\/v2\/pages\/888\/revisions"}],"predecessor-version":[{"id":1126,"href":"https:\/\/www.justjolie.at\/index.php?rest_route=\/wp\/v2\/pages\/888\/revisions\/1126"}],"wp:attachment":[{"href":"https:\/\/www.justjolie.at\/index.php?rest_route=%2Fwp%2Fv2%2Fmedia&parent=888"}],"curies":[{"name":"wp","href":"https:\/\/api.w.org\/{rel}","templated":true}]}}