{"id":732,"date":"2019-10-28T19:13:26","date_gmt":"2019-10-28T18:13:26","guid":{"rendered":"https:\/\/www.justjolie.at\/?page_id=732"},"modified":"2024-11-21T18:25:33","modified_gmt":"2024-11-21T17:25:33","slug":"mesmerize","status":"publish","type":"page","link":"https:\/\/www.justjolie.at\/","title":{"rendered":"Front Page"},"content":{"rendered":"\t\t<div data-elementor-type=\"wp-page\" data-elementor-id=\"732\" class=\"elementor elementor-732\">\n\t\t\t\t\t\t<section class=\"elementor-section elementor-top-section elementor-element elementor-element-2a2b721a elementor-section-boxed elementor-section-height-default elementor-section-height-default\" data-id=\"2a2b721a\" data-element_type=\"section\">\n\t\t\t\t\t\t<div class=\"elementor-container elementor-column-gap-default\">\n\t\t\t\t\t<div class=\"elementor-column elementor-col-100 elementor-top-column elementor-element elementor-element-66c18c46\" data-id=\"66c18c46\" data-element_type=\"column\">\n\t\t\t<div class=\"elementor-widget-wrap elementor-element-populated\">\n\t\t\t\t\t\t<div class=\"elementor-element elementor-element-732ce572 elementor-widget elementor-widget-text-editor\" data-id=\"732ce572\" data-element_type=\"widget\" data-widget_type=\"text-editor.default\">\n\t\t\t\t<div class=\"elementor-widget-container\">\n\t\t\t\t\t\t\t<div id=\"willkommen\" style=\"background-color: rgb(255, 255, 255); background-image: none;\" data-label=\"Willkommen\" data-id=\"about-images-right-section-mc\" data-export-id=\"about-images-right-section-mc\" data-bullets-visibility=\"true\" data-category=\"about\" class=\"about-images-right-section-mc content-section content-section-spacing\">\n<div class=\"\">\n<div class=\"row middle-sm text-center\">\n<div class=\"col-sm-5\" data-type=\"column\">\n<h5 class=\"\">WHO AM I<\/h5>\n<h2 class=\"\">Willkommen<\/h2>\n<p class=\"\">Die Sch\u00f6nheit der Dinge lebt in der Seele dessen, der sie betrachtet.<br>(- David Hume -)<br><br>Auf verschiedenste Art und Weise wird dieser Spruch gedeutet und doch bedeutet er im Grunde nicht nur, dass jeder sch\u00f6n sein kann \u2013 sondern, dass in jedem die Sch\u00f6nheit inne wohnt.<br><br>Es bedarf der Kunst diese Sch\u00f6nheit zu entdecken und richtig zu unterstreichen.<br><br>\u00dcber Jahre habe ich mich mit dem Thema \u201eSch\u00f6nheit\u201c auseinander gesetzt, mich damit vertraut gemacht, Ausbildungen absolviert und mich darauf spezialisiert.&nbsp;<br>Sch\u00f6nheit ist ein ewig weites Spektrum und f\u00fcr viele unter uns auch ein sehr wichtiges und manchmal auch unbekanntes Gef\u00fchl.<br><br>Individualit\u00e4t richtig in Szene zu setzen, in einfachen Schritten Menschen mit dem Thema Sch\u00f6nheit vertraut zu machen und die K\u00fcnstlerische Seite in der Maske und bei B\u00fchnenarbeiten um zu setzen, dies beschreibt meine Leidenschaft.<br><br><br>Einfach. Sch\u00f6n.<br>Denn jeder Mensch ist einzigartig-sch\u00f6n und meine Arbeit liegt darin diese Seite zum Vorschein zu bringen<br><br><br><br><br><\/p>\n<\/div>\n<div class=\"col-sm-7 space-bottom-xs\">\n<div class=\"image-group-side-3-img\">\n<p><img decoding=\"async\" class=\"rightimg shadow-large\" src=\"https:\/\/www.justjolie.at\/wp-content\/uploads\/2019\/01\/cropped-herrholzner_tanjaandi_standesamt_101.jpg\" alt=\"\" title=\"cropped-herrholzner_tanjaandi_standesamt_101.jpg\"> <\/p>\n<div class=\"leftimg\"> <img decoding=\"async\" class=\"shadow-large\" src=\"https:\/\/www.justjolie.at\/wp-content\/uploads\/2019\/01\/cropped-herrholzner_tanjaandi_standesamt_065-5.jpg\" alt=\"\" title=\"cropped-herrholzner_tanjaandi_standesamt_065-5.jpg\"><\/div>\n<\/div>\n<\/div>\n<\/div>\n<\/div>\n<\/div>\n<div id=\"angebot\" style=\"background-color: #ffffff;\" data-label=\"Angebot\" data-id=\"features-16-card-bordered-mc\" data-export-id=\"features-16-card-bordered-mc\" data-bullets-visibility=\"true\" data-category=\"features\" class=\"features-16-card-bordered-mc content-section content-section-spacing\">\n<div class=\"\">\n<div class=\"row text-center\">\n<div class=\"section-title-col\" data-type=\"column\">\n<h5 class=\"\">WHAT I OFFER<\/h5>\n<h2 class=\"\">F\u00fcr jeden das Richtige!<\/h2>\n<p class=\"lead\">Rund um das Thema Sch\u00f6nheit finden Sie hier alle Angebote<\/p>\n<\/div>\n<\/div>\n<div class=\"row spaced-cols\" data-type=\"row\">\n<div class=\"col-xs-12 col-sm-6 col-md-4\">\n<div class=\"card no-padding bordered y-move\">\n<p> <a data-cp-link=\"1\" href=\"https:\/\/www.justjolie.at?page_id=824\" target=\"_self\" rel=\"noopener noreferrer\"><img decoding=\"async\" class=\"face\" src=\"https:\/\/www.justjolie.at\/wp-content\/uploads\/2019\/01\/cropped-herrholzner_tanjaandi_standesamt_166-1.jpg\" alt=\"\" title=\"cropped-herrholzner_tanjaandi_standesamt_166-1.jpg\"><\/a> <\/p>\n<div data-type=\"column\" class=\"col-padding-small col-padding-small-xs description-container\">\n<h4 class=\"font-500\">STYLING PAKETE<\/h4>\n<div>Perfekt in Szene gesetzt!<\/div>\n<div>Pakete aus Haarstyling und Make-up f\u00fcr Hochzeiten oder andere Events&#8230;<\/div>\n<\/div>\n<div data-type=\"column\" class=\"col-padding-small col-padding-small-xs read-more-container\"><a class=\"read-more\" href=\"https:\/\/www.justjolie.at?page_id=824\" target=\"_self\" data-cp-link=\"1\" rel=\"noopener noreferrer\">mehr<\/a><\/div>\n<\/div>\n<\/div>\n<div class=\"col-xs-12 col-sm-6 col-md-4\">\n<div class=\"card no-padding bordered y-move\">\n<p> <a data-cp-link=\"1\" href=\"https:\/\/www.justjolie.at?page_id=862\" target=\"_self\" rel=\"noopener noreferrer\"><img decoding=\"async\" class=\"face\" src=\"https:\/\/www.justjolie.at\/wp-content\/uploads\/2019\/10\/cropped-Babybauch-Sabrina-Fallinlove-36low-4.jpg\" alt=\"\" title=\"cropped-Babybauch-Sabrina-Fallinlove-36low-4.jpg\"><\/a> <\/p>\n<div data-type=\"column\" class=\"col-padding-small col-padding-small-xs description-container\">\n<h4 class=\"font-500\">EVERYDAY BEAUTY<\/h4>\n<p class=\"\">Haare, Haut, Beratung oder Workshops \u2013 wenn es den Alltag betrifft, finden Sie sich hier ganz gut zurecht\u2026<\/p>\n<\/div>\n<div data-type=\"column\" class=\"col-padding-small col-padding-small-xs read-more-container\"><a class=\"read-more\" href=\"https:\/\/www.justjolie.at?page_id=862\" target=\"_self\" data-cp-link=\"1\" rel=\"noopener noreferrer\">mehr<\/a><\/div>\n<\/div>\n<\/div>\n<div class=\"col-xs-12 col-sm-6 col-md-4\">\n<div class=\"card no-padding bordered y-move\">\n<p> <a data-cp-link=\"1\" href=\"https:\/\/www.justjolie.at?page_id=888\" target=\"_self\" rel=\"noopener noreferrer\"><img decoding=\"async\" class=\"face\" src=\"https:\/\/www.justjolie.at\/wp-content\/uploads\/2019\/10\/cropped-Photocredit-@-Fred-Einkemmer-06-1.jpg\" alt=\"\" title=\"cropped-Photocredit-@-Fred-Einkemmer-06-1.jpg\"><\/a> <\/p>\n<div data-type=\"column\" class=\"col-padding-small col-padding-small-xs description-container\">\n<h4 class=\"font-500\">PRODUCTS<\/h4>\n<p class=\"\">Ihre Sch\u00f6nheit will stets gepflegt und gut besch\u00fctzt werden, um Sie lange zu erhalten &#8211; all das, gibt es bei mir\u2026<\/p>\n<\/div>\n<div data-type=\"column\" class=\"col-padding-small col-padding-small-xs read-more-container\"><a class=\"read-more\" href=\"https:\/\/www.justjolie.at?page_id=888\" target=\"_self\" data-cp-link=\"1\" rel=\"noopener noreferrer\">mehr<\/a><\/div>\n<\/div>\n<\/div>\n<\/div>\n<\/div>\n<\/div>\n<div data-label=\"Nachricht\" data-id=\"contact--1\" data-export-id=\"contact-1-mc\" data-category=\"contact\" class=\"contact-1-mc content-section content-section-spacing white-text\" data-parallax-depth=\"20\" id=\"nachricht\" style=\"background-color: rgb(245, 250, 253); background-image: url(&quot;https:\/\/www.justjolie.at\/wp-content\/uploads\/2019\/01\/herrholzner_tanjaandi_standesamt_109.jpg&quot;); background-size: cover; background-position: center top;\" data-bullets-visibility=\"true\">\n<div class=\"gridContainer\">\n<div class=\"row text-center\">\n<div class=\"section-title-col\" data-type=\"column\">\n<h5 class=\"\">CONNECT WITH ME<\/h5>\n<h2 class=\"\">Ich freue mich auf ihre Nachricht!<\/h2>\n<\/div>\n<\/div>\n<div class=\"row text-center\">\n<div class=\"col-xs-12 col-sm-8 col-sm-offset-2 contact-form-wrapper inline-info\">\n<div class=\"card large-padding\">\n<div class=\"\" data-content-shortcode=\"mesmerize_contact_form shortcode=&quot;wpforms id=&amp;amp;quot;950&amp;amp;quot; title=&amp;amp;quot;false&amp;amp;quot; description=&amp;amp;quot;false&amp;amp;quot;&quot;\" data-editable=\"true\"><div class=\"wpforms-container wpforms-container-full\" id=\"wpforms-950\"><form id=\"wpforms-form-950\" class=\"wpforms-validate wpforms-form\" data-formid=\"950\" method=\"post\" enctype=\"multipart\/form-data\" action=\"\/index.php?rest_route=%2Fwp%2Fv2%2Fpages%2F732\" data-token=\"80ee7bc5e3c47159a03a7987343feb86\" data-token-time=\"1775278007\"><noscript class=\"wpforms-error-noscript\">Bitte aktiviere JavaScript in deinem Browser, um dieses Formular fertigzustellen.<\/noscript><div class=\"wpforms-field-container\"><div id=\"wpforms-950-field_0-container\" class=\"wpforms-field wpforms-field-name\" data-field-id=\"0\"><label class=\"wpforms-field-label\">Name <span class=\"wpforms-required-label\">*<\/span><\/label><div class=\"wpforms-field-row wpforms-field-medium\"><div class=\"wpforms-field-row-block wpforms-first wpforms-one-half\"><input type=\"text\" id=\"wpforms-950-field_0\" class=\"wpforms-field-name-first wpforms-field-required\" name=\"wpforms[fields][0][first]\" required><label for=\"wpforms-950-field_0\" class=\"wpforms-field-sublabel after\">Vorname<\/label><\/div><div class=\"wpforms-field-row-block wpforms-one-half\"><input type=\"text\" id=\"wpforms-950-field_0-last\" class=\"wpforms-field-name-last wpforms-field-required\" name=\"wpforms[fields][0][last]\" required><label for=\"wpforms-950-field_0-last\" class=\"wpforms-field-sublabel after\">Nachname<\/label><\/div><\/div><\/div><div id=\"wpforms-950-field_1-container\" class=\"wpforms-field wpforms-field-email\" data-field-id=\"1\"><label class=\"wpforms-field-label\" for=\"wpforms-950-field_1\">E-Mail <span class=\"wpforms-required-label\">*<\/span><\/label><input type=\"email\" id=\"wpforms-950-field_1\" class=\"wpforms-field-medium wpforms-field-required\" name=\"wpforms[fields][1]\" spellcheck=\"false\" required><\/div><div id=\"wpforms-950-field_2-container\" class=\"wpforms-field wpforms-field-textarea\" data-field-id=\"2\"><label class=\"wpforms-field-label\" for=\"wpforms-950-field_2\">Kommentar oder Nachricht <span class=\"wpforms-required-label\">*<\/span><\/label><textarea id=\"wpforms-950-field_2\" class=\"wpforms-field-medium wpforms-field-required\" name=\"wpforms[fields][2]\" required><\/textarea><\/div><\/div><!-- .wpforms-field-container --><div class=\"wpforms-field wpforms-field-hp\"><label for=\"wpforms-950-field-hp\" class=\"wpforms-field-label\">Comment<\/label><input type=\"text\" name=\"wpforms[hp]\" id=\"wpforms-950-field-hp\" class=\"wpforms-field-medium\"><\/div><div class=\"wpforms-recaptcha-container wpforms-is-recaptcha wpforms-is-recaptcha-type-v2\" ><div class=\"g-recaptcha\" data-sitekey=\"6LcRPskUAAAAAEkJWY3hGGuJDMgKwLNkva-ew3zf\"><\/div><input type=\"text\" name=\"g-recaptcha-hidden\" class=\"wpforms-recaptcha-hidden\" style=\"position:absolute!important;clip:rect(0,0,0,0)!important;height:1px!important;width:1px!important;border:0!important;overflow:hidden!important;padding:0!important;margin:0!important;\" data-rule-recaptcha=\"1\"><\/div><div class=\"wpforms-submit-container\" ><input type=\"hidden\" name=\"wpforms[id]\" value=\"950\"><input type=\"hidden\" name=\"page_title\" value=\"\"><input type=\"hidden\" name=\"page_url\" value=\"https:\/\/www.justjolie.at\/index.php?rest_route=%2Fwp%2Fv2%2Fpages%2F732\"><button type=\"submit\" name=\"wpforms[submit]\" id=\"wpforms-submit-950\" class=\"wpforms-submit\" data-alt-text=\"Senden...\" data-submit-text=\"absenden\" aria-live=\"assertive\" value=\"wpforms-submit\">absenden<\/button><\/div><\/form><\/div>  <!-- .wpforms-container --><\/div>\n<\/div>\n<\/div>\n<\/div>\n<\/div>\n<\/div>\n<div data-label=\"Kontakt\" data-id=\"features--1\" data-export-id=\"features-16\" data-category=\"features\" class=\"features-16 content-section content-section-spacing\" id=\"kontakt-1\" style=\"background-color: rgb(255, 255, 255); background-image: none;\" data-bullets-visibility=\"true\">\n<div class=\"\">\n<div class=\"row text-center\">\n<div class=\"section-title-col\" data-type=\"column\">\n<h2 class=\"\">Kontakt<\/h2>\n<\/div>\n<\/div>\n<div class=\"row spaced-cols center-sm content-center-sm\" data-type=\"row\">\n<div class=\"col-xs-12 col-sm-6 col-md-4 space-bottom\">\n<div data-type=\"column\" class=\"col-padding-small col-padding-small-xs description-container\">\n<h4 class=\"\"><font color=\"#6b7c93\" size=\"3\"><span style=\"letter-spacing: normal;\">Mobiler&nbsp;Dienstleistungsbetrieb<\/span><\/font><\/h4><h4 class=\"\"><span style=\"color: rgb(107, 124, 147); font-size: 16px; letter-spacing: normal;\">Juliana Kiss<\/span><\/h4>\n<h4 class=\"\"><span style=\"color: rgb(107, 124, 147); font-size: 16px; letter-spacing: normal;\">+43 664 1227952&nbsp;<\/span><br><\/h4>\n<h4 class=\"\"><span style=\"color: rgb(107, 124, 147); font-size: 16px; letter-spacing: normal; background-color: rgb(255, 255, 255);\">office@justjolie.at<\/span><\/h4>\n<div><br><\/div>\n<\/div>\n<\/div>\n<\/div>\n<\/div>\n<\/div>\n<div id=\"portfolio-1\" data-label=\"Portfolio\" data-id=\"portfolio-5-mc\" data-export-id=\"portfolio-5-mc\" data-bullets-visibility=\"true\" data-category=\"portfolio\" class=\"portfolio-5-mc content-section content-section-spacing section-title-col-white-text bg-color1\" style=\"background-image: none; background-color: rgb(255, 255, 255);\">\n<div class=\"\">\n<div class=\"row text-center\">\n<div class=\"section-title-col\" data-type=\"column\">   <\/div>\n<\/div>\n<div class=\"row space-bottom spaced-cols\" data-type=\"row\">\n<div class=\"col-xs-12 col-sm-4 text-center\">\n<div class=\"card no-padding bordered\">\n<div data-hover-fx=\"portfolio-6\" class=\"contentswap-effect contentswap-overlay\" style=\"float: none; margin: 0px; width: 100%;\">\n<div class=\"initial-image\" style=\"float: none; margin: 0px;\"> <img decoding=\"async\" data-size=\"500x333\" src=\"https:\/\/www.justjolie.at\/wp-content\/uploads\/2019\/01\/cropped-herrholzner_tanjaandi_standesamt_193.jpg\"><\/div>\n<div class=\"overlay bg-color6\" style=\"display: block; transition: opacity 800ms;-webkit-transition-timing-function:ease;-moz-transition-timing-function:ease;-o-transition-timing-function:ease;transition-timing-function:ease;\"><\/div>\n<div class=\"swap-inner col-xs-12\" style=\"display: block; transition: all 800ms ease; background-color: rgba(0, 0, 0, 0); margin-top: 0px;\">\n<div class=\"row full-height-row middle-xs middle-sm\">\n<div class=\"col-xs-12 text-center content-holder\"> <a class=\"button small color2\" href=\"https:\/\/www.justjolie.at?page_id=878\" target=\"_self\" data-cp-link=\"1\" rel=\"noopener noreferrer\">VIEW<\/a><\/div>\n<\/div>\n<\/div>\n<\/div>\n<div class=\"col-xs-12\">\n<div class=\"space-bottom space-top\" data-type=\"column\">\n<h5 class=\"\">BRIDE<\/h5>\n<p class=\"small italic\">Brautstylings<\/p>\n<\/div>\n<\/div>\n<\/div>\n<\/div>\n<div class=\"col-xs-12 col-sm-4 text-center\">\n<div class=\"card no-padding bordered\">\n<div data-hover-fx=\"portfolio-6\" class=\"contentswap-effect contentswap-overlay\" style=\"float: none; margin: 0px; width: 100%;\">\n<div class=\"initial-image\" style=\"float: none; margin: 0px;\"> <img decoding=\"async\" data-size=\"500x333\" src=\"https:\/\/www.justjolie.at\/wp-content\/uploads\/2019\/01\/cropped-herrholzner_tanjaandi_standesamt_104.jpg\"><\/div>\n<div class=\"overlay bg-color6\" style=\"display: block; transition: opacity 800ms;-webkit-transition-timing-function:ease;-moz-transition-timing-function:ease;-o-transition-timing-function:ease;transition-timing-function:ease;\"><\/div>\n<div class=\"swap-inner col-xs-12\" style=\"display: block; transition: all 800ms ease; background-color: rgba(0, 0, 0, 0); margin-top: 0px;\">\n<div class=\"row full-height-row middle-xs middle-sm\">\n<div class=\"col-xs-12 text-center content-holder\"> <a class=\"button small color2\" href=\"https:\/\/www.justjolie.at?page_id=892\" target=\"_self\" data-cp-link=\"1\" rel=\"noopener noreferrer\">VIEW<\/a><\/div>\n<\/div>\n<\/div>\n<\/div>\n<div class=\"col-xs-12\">\n<div class=\"space-bottom space-top\" data-type=\"column\">\n<h5 class=\"\">BACKSTAGE<\/h5>\n<p class=\"small italic\">Hinter den Kulissen<\/p>\n<\/div>\n<\/div>\n<\/div>\n<\/div>\n<div class=\"col-xs-12 col-sm-4 text-center\">\n<div class=\"card no-padding bordered\">\n<div data-hover-fx=\"portfolio-6\" class=\"contentswap-effect contentswap-overlay\" style=\"float: none; margin: 0px; width: 100%;\">\n<div class=\"initial-image\" style=\"float: none; margin: 0px;\"> <img decoding=\"async\" data-size=\"500x333\" src=\"https:\/\/www.justjolie.at\/wp-content\/uploads\/2019\/01\/cropped-Photocredit-@-Lukas-Pixner-4.jpg\"><\/div>\n<div class=\"overlay bg-color6\" style=\"display: block; transition: opacity 800ms;-webkit-transition-timing-function:ease;-moz-transition-timing-function:ease;-o-transition-timing-function:ease;transition-timing-function:ease;\"><\/div>\n<div class=\"swap-inner col-xs-12\" style=\"display: block; transition: all 800ms ease; background-color: rgba(0, 0, 0, 0); margin-top: 0px;\">\n<div class=\"row full-height-row middle-xs middle-sm\">\n<div class=\"col-xs-12 text-center content-holder\"> <a class=\"button small color2\" href=\"https:\/\/www.justjolie.at?page_id=900\" target=\"_blank\" data-cp-link=\"1\" rel=\"noopener noreferrer\">VIEW<\/a><\/div>\n<\/div>\n<\/div>\n<\/div>\n<div class=\"col-xs-12\">\n<div class=\"space-bottom space-top\" data-type=\"column\">\n<h5 class=\"\">PROJECTS<\/h5>\n<p class=\"small italic\">Shootings und mehr<\/p>\n<\/div>\n<\/div>\n<\/div>\n<\/div>\n<\/div>\n<div class=\"row\">\n<div data-type=\"column\" class=\"col-xs-12 text-center\"> <\/div>\n<\/div>\n<\/div>\n<\/div>\n<div id=\"impressum\" style=\"background-color: #ffffff;\" data-label=\"Impressum\" data-id=\"content-8-mc\" data-export-id=\"content-8-mc\" data-category=\"content\" class=\"content-8-mc content-section content-section-spacing\" data-bullets-visibility=\"true\">\n<div class=\"gridContainer\">\n<div class=\"row middle-sm\">\n<div class=\"col-sm-6 space-bottom-xs space-top-xs\" data-type=\"column\"> <img decoding=\"async\" class=\"shadow-large\" src=\"https:\/\/www.justjolie.at\/wp-content\/uploads\/2019\/01\/cropped-herrholzner_tanjaandi_standesamt_094.jpg\" alt=\"\" title=\"cropped-herrholzner_tanjaandi_standesamt_094.jpg\"><\/div>\n<div class=\"col-sm-6\" data-type=\"column\">\n<h2 class=\"\">Impressum<\/h2>\n<p>  <a class=\"button color1\" href=\"https:\/\/www.justjolie.at?page_id=3\" target=\"_self\" data-cp-link=\"1\" rel=\"noopener noreferrer\">ABOUT<\/a><\/p>\n<\/div>\n<\/div>\n<\/div>\n<\/div>\t\t\t\t\t\t<\/div>\n\t\t\t\t<\/div>\n\t\t\t\t\t<\/div>\n\t\t<\/div>\n\t\t\t\t\t<\/div>\n\t\t<\/section>\n\t\t\t\t<\/div>\n\t\t","protected":false},"excerpt":{"rendered":"<p>WHO AM I Willkommen Die Sch\u00f6nheit der Dinge lebt in der Seele dessen, der sie betrachtet.(- David Hume -)Auf verschiedenste Art und Weise wird dieser Spruch gedeutet und doch bedeutet er im Grunde nicht nur, dass jeder sch\u00f6n sein kann \u2013 sondern, dass in jedem die Sch\u00f6nheit inne wohnt.Es bedarf der Kunst diese Sch\u00f6nheit zu&hellip; <br \/> <a class=\"read-more\" href=\"https:\/\/www.justjolie.at\/\">Weiterlesen<\/a><\/p>\n","protected":false},"author":1,"featured_media":0,"parent":0,"menu_order":0,"comment_status":"closed","ping_status":"closed","template":"page-templates\/homepage.php","meta":{"inline_featured_image":false,"footnotes":""},"class_list":["post-732","page","type-page","status-publish","hentry"],"_links":{"self":[{"href":"https:\/\/www.justjolie.at\/index.php?rest_route=\/wp\/v2\/pages\/732"}],"collection":[{"href":"https:\/\/www.justjolie.at\/index.php?rest_route=\/wp\/v2\/pages"}],"about":[{"href":"https:\/\/www.justjolie.at\/index.php?rest_route=\/wp\/v2\/types\/page"}],"author":[{"embeddable":true,"href":"https:\/\/www.justjolie.at\/index.php?rest_route=\/wp\/v2\/users\/1"}],"replies":[{"embeddable":true,"href":"https:\/\/www.justjolie.at\/index.php?rest_route=%2Fwp%2Fv2%2Fcomments&post=732"}],"version-history":[{"count":61,"href":"https:\/\/www.justjolie.at\/index.php?rest_route=\/wp\/v2\/pages\/732\/revisions"}],"predecessor-version":[{"id":1135,"href":"https:\/\/www.justjolie.at\/index.php?rest_route=\/wp\/v2\/pages\/732\/revisions\/1135"}],"wp:attachment":[{"href":"https:\/\/www.justjolie.at\/index.php?rest_route=%2Fwp%2Fv2%2Fmedia&parent=732"}],"curies":[{"name":"wp","href":"https:\/\/api.w.org\/{rel}","templated":true}]}}